8 - (0 + 1 - (-82 - -63)).
-38
What is (51 - 34 - 23) + (5 - 31)?
-32
What is the value of (-75 - (25 + -13)) + (8 - (10 + 1))?
-90
Calculate -413 + 418 - (-7 + 3 - -2 - -14).
-7
What is (-11 - -15) + -14 - (4 - -20)?
-34
Evaluate (2 - (-32 + 26)) + -40 + (-1 - 4 - -1).
-36
What is the value of 0 - (-15 + 36 + -9 + -9 - 8)?
5
Evaluate (-14 - -17) + -3 + (-11 - -42) + 10.
41
What is the value of -2 + -70 + 0 + -91 + 75?
-88
Evaluate 99 + -46 + -45 + 21.
29
-4 - (-1 + -1 + (-13 - -6))
5
Evaluate 2 + (-6 - -4) - (5 + 50 - (-37 - -18)).
-74
(-53 - -107) + -283 + 122
-107
What is (-17 - 2) + (-19 - (-9 + 10) - -118)?
79
3 - (12 + (-11 - (-21 + 6)) + 4)
-17
90 - (100 + -51 - -79)
-38
What is 0 - 99 - ((-9 - 22) + (28 - 0))?
-96
(150 - 59) + (5 - 62)
34
Evaluate (-35 - -23 - (-26 - -7)) + -53.
-46
Evaluate 5 + -40 + (20 + -11 - 10) + 1.
-35
What is the value of (-754 - -812) + -130 + 4?
-68
-109 - -100 - (91 + (0 + (-7 - 0) - -7))
-100
Calculate 8 + (7 - 11) + 76 + (-28 - -19).
71
What is -20 - (-102 + 29 + -45 + (-2 - -2))?
98
What is the value of (-6329 - -6213) + (-21 - (-5 - -3 - 1))?
-134
Evaluate 12 - 9 - (-8 - -1) - (6 - 50).
54
((-16 - -7) + -1 - (-82 - 7) - 9) + 3
73
What is -132 - (-59 - 14) - (0 - 17)?
-42
-7 - (-1 + 15 + -1568 + 1516)
31
What is -2 + 24 + -30 + 35 + -8?
19
What is the value of (7 - -3 - (0 + -7 + 25)) + -41 - -10?
-39
Evaluate 66 - 77 - 93 - -170.
66
What is 43 - 44 - ((20 - 4 - 4) + -8)?
-5
Calculate 2 - (61 + (3 + -4 - -12)) - -11.
-59
What is (14 - 15) + 89 + -92 + 67?
63
What is (-56 - 5) + 2 - (15 + (14 + -14 - 12))?
-62
-6 + 17 + 29 + 0 + 14 + 0 + 0
54
What is the value of -45 - -5 - (-749 - -699)?
10
What is -1 + 3 - (34 + -37 + -13 + 38)?
-20
What is the value of -3 - 23 - (-381 - -377) - (0 - (0 + 0))?
-22
0 + 49 - (239 + (-220 - 51))
81
What is the value of -1 - -79 - (-31 - (41 - (27 + 57)))?
66
What is the value of (12 - 0 - (93 - (25 - 2))) + 11?
-47
Calculate -27 - (7 + -6) - -21.
-7
5 + (1 - -34 - ((12 - 3) + -4)) - 5
30
(2 - (-1 + 2) - -15) + -4 + -10 + 14
16
Calculate 51 + 30 + -106 - (15 + (-3 - 2) - 5).
-30
Calculate (13 - (-16 + 29 + 24)) + 3 + 14.
-7
What is the value of -149 + 43 - -62 - 34?
-78
Evaluate (119 - 41) + -40 - -81.
119
24 + -49 - (9 + 5 - 72)
33
What is the value of (-5 - -1) + 0 + (125 + -142 - -8)?
-13
Calculate -9 + 27 + -22 + 11 + -36.
-29
What is 339 + -415 + 52 + 0?
-24
What is 16 + 1 + 2 + -50 - -123?
92
What is 5 + (-5 + (9 - -8) - 30)?
-13
109 - 45 - 74 - 13
-23
What is -36 + (63 - (-4 - -43))?
-12
What is the value of 29 + 8 + -44 + 37?
30
What is -2626 - -2640 - (-3 - -26)?
-9
What is (12 + -13 - 32) + 39 + -39?
-33
Evaluate 3 + -6 + -28 + 12 + 90 - 17.
54
What is -23 + 30 + (44 - 51)?
0
Evaluate (5 - 22) + 11 - 18 - -21.
-3
Evaluate -55 - (-43 + -32 + 69).
-49
Evaluate (25 - -1 - (260 + -255) - 12) + -17.
-8
Calculate -264 + 259 - (3 - (7 + -9 + -69)).
-79
-6 + -10 + (-1 - 2 - -2) + 29
12
What is the value of -2 + -53 - (22 - 2 - 17) - -15?
-43
What is (-39 + 117 - (8 + (0 - -1))) + 15?
84
Evaluate -5 - -9 - 6 - -2 - (-28 + 8 + 64).
-44
What is -808 + 796 - (0 - -7)?
-19
What is the value of (-40729 - -40571) + (-2 - (2 - 40))?
-122
What is the value of (0 + (-61 - -67) + -3 + 10 - -62) + -8?
67
Evaluate 152 - (132 + -24) - -55.
99
-120 + 1 - (-2357 - -2318)
-80
What is the value of 52 + -27 - (58 + -48 - (-3 + -1))?
11
Calculate -30 - (57 + -4 + -87).
4
What is the value of (-11 - (-44 - 8)) + -32?
9
(185 - 96) + -95 + -16
-22
7 + (-3 - (14 + 10 - 9 - (89 + -19)))
59
What is the value of -97 + (-42 + 16 + 23 - (-1 + 2 + -18))?
-83
What is 2 - 13 - (-1 - 16 - 7 - 21)?
34
What is 18 - -177 - (-456 - -582)?
69
Calculate -8 - (-7 + 25 + 4).
-30
What is (97 - 99) + (-10 - -6) + -27?
-33
Calculate 0 + 4 + (20 - 12 - 43) - (-1 + 1).
-31
Evaluate (-6 - -98) + -7 + -22 + -10 + 10 + 14.
77
Calculate 2 - -22 - ((-2 - -55) + -52).
23
What is the value of (-2 - (13 + -1)) + -8 + (-9 - -32)?
1
What is (-23 - -32) + 28 - 0?
37
-100 + 24 + 86 + 9 + 0
19
Evaluate 14 - (-5 - (7 + 19 + -21)).
24
Evaluate -11 - (0 + 18 + 14 + -19 - (-51 - -77)).
2
What is -3 - (-1 + 69) - (8075 - 8084)?
-62
What is the value of -12 - (43 + -31) - 27?
-51
What is the value of -194 + 105 + -18 - -46?
-61
What is the value of -67 + 61 - -23 - -1?
18
Evaluate 18 + -6 + (15 - (41 + 5)).
-19
What is -436 - -430 - (-39 - (-5 - -4) - (-2 + 0))?
30
What is the value of (25 + -8 + (-1 - 6) - -22) + 9?
41
What is the value of 46 - (-21 + 53) - -16?
30
What is 39 - (120 + (-76 - -25))?
-30
Evaluate -30 + (1 - 33) + (247 - 226).
-41
Evaluate 0 - -78 - (313 - 234).
-1
What is (0 - (-6 - -1)) + 6 + 131 + -93?
49
Calculate 11 + -6 + (3 - -4 - ((17 - 23) + 13)).
5
Evaluate 21 + (0 + -54 - (21 + -24)).
-30
Calculate 68 - (-33 - (20 + -94)).
27
Evaluate 207 + (-66 - -119) - 150.
110
(0 - (33 - 2)) + 66 + (18 - 100)
-47
Evaluate -54 - (51 + -28 + -62).
-15
Calculate -96 + (94 - -12) - (-1 - -6).
5
What is (29 - (15 - 53)) + -32?
35
What is -50 - (-6 + 2) - (17 - (41 + (-9 - 10)))?
-41
-1 - (-1 + -2) - (92 - 21 - 61)
-8
Calculate 5 + (6 - (12 - 43)) - ((-6 - 2) + 3).
47
What is 11 + 1 + 4 - -2?
18
What is the value of 119 - (79 + 22) - -65?
83
Evaluate 3 - (6 + -5) - (-57 + (4 - -1) + 4).
50
What is 64 + -2 - (3246 - 3130)?
-54
Evaluate 9 + -18 + (8 - ((18 - -8) + -8 + -1)).
-18
What is 70 + (57 + -26 - 129)?
-28
What is -4 + -9 + (3 - (-3 - -8) - -29)?
14
Calculate -11 - (-15 - (0 - (-13 - -22))) - -45.
40
Calculate 68 + -98 + -29 + 33.
-26
75 - (85 + -110 - -53)
47
Calculate (41 - 34) + (-53 - (-9 - -6 - 2)).
-41
-49 + (40 - 38 - (1 + 3 - -1)) - -10
-42
Evaluate 42 + ((-7 - 5) + 5 - -3 - (-5 - 3)).
46
107 - ((-1570 - -1612) + (1 - 35) + (-6 - -1))
104
Calculate 14 + (-61 + -5 - -93).
41
What is -40 + 56 + -59 + 26?
-17
What is the value of -156 + 66 + -40 + 183?
53
What is the value of 1 + 151 + (-420 - -281)?
13
What is (9 - 23 - -9 - -23) + 3?
21
8 + -5 + -8 - (59 - (-10 + -45))
-119
Evaluate -7 + -8 + 42 + -31 - (0 + 6).
-10
Evaluate -63 + (41 - (-27 - -20)).
-15
What is the value of (561 - 564) + (2 - 40)?
-41
Calculate (57 - 49) + (1 - (11 - 6 - -2)).
2
What is the value of -1 - ((2 + 16 - 12) + 19)?
-26
Evaluate -53 + (134 - 87) - (-1 + -55).
50
Evaluate 9 + 0 + -2 + (-3904 - -3883).
-14
Calculate 73 - ((86 - 22) + -33).
42
What is the value of (1 - -95) + -15 + -23 + 49 + -28?
79
Evaluate 5 + -12 + 13 + -21 + -40 + 1 + 3.
-51
What is the value of -4913 + 4892 + (73 - (1 - 1))?
52
-2 + -48 - (-109 - -82)
-23
What is the value of -97 + 10 + 12 + 14?
-61
Calculate -28 + -66 + 191 + -36.
61
What is -1323 + 1492 + -6 + -71?
92
What is 28 + (-8 - -33) + -73?
-20
3 + (-15 - 36) + 38 + (-1 - 99)
-110
Evaluate 71 + (41 - 87) - 17.
8
(25 - -7 - -13) + (-15 - 0 - -5)
35
What is 8 + 0 + 1 - (-97 - -240 - 98)?
-36
-32 + 58 + -10 + -21
-5
Calculate -118 + -66 + (26 - -90).
-68
What is (8 - -9) + -45 + 28 - 5 - 29?
-34
-5 + (-9 + 33 + (29 - 20) - -9)
37
39 + -44 - 75 - -58
-22
What is 19 - (-33 + (82 - (-18 + 22)))?
-26
What is the value of -6 - 1 - (-59 - (26 - 50 - -49))?
77
Calculate (-22 - (17 + -29)) + 4.
-6
Calculate 0 - (-48 + 2) - ((0 + -24 - -35) + -6).
41
What is 1161 + -1106 + (-2 - 37)?
16
-29 + 151 + -68 + -15
39
What is the value of (-9 - (-74 - -28)) + -51?
-14
Evaluate -4 + -10 - (-11 + -8 + (-4 - -1)).
8
What is the value of 5 + 16 + (-1 - 77) + 102 + -117?
-72
Calculate -12 + 20 + -15 - (0 + 1) - 12.
-20
11 + (65 - -1) + 0 + 1 + -6736 + 6722
64
What is the value of -76 - (-16 - (-32 - (-1 + -10)))?
-81
Evaluate 10184 + -10213 + -12 + 0 + 0.
-41
What is (-3 - (3 + -10)) + (-14 - (1 - 24))?
13
Calculate 608 + -582 - (46 - -6 - 7).
-19
What is 1 + -41 + 54 + -12?
2
What is the value of (-1 - -60) + 16 + -57?
18
Calculate (-8 - 32) + 6 + (-3 - -8).
-29
47 + 1 + -1 - 82
-35
Evaluate (-148 - -65) + 88 + 48 + -1.
52
Calculate (-41 - -45 - -6) + -27 + 0 + -4 + 1.
-20
What is -51 + -1 + 47 + -64 + (20 - -1)?
-48
What is (76 - (-14 + 29)) + -11 + 19 + (-1 - 11)?
57
What is the value of (-61 - -19 - -17 - -18) + -11 - (-1 - -7)?
-24
What is (-139 - 158) + 285 + -2 + 9 + -1 + -2?
-8
What is 18 - -25 - (-105 - -92)?
56
-227 + 72 + 85 + (-40 - -11)
-99
27 + (53 - 29 - 47)
4
What is the value of 29 + -30 + 5 + (28 + -21 - (-1 + 7